403Webshell
Server IP : 5.83.47.51  /  Your IP : 216.73.217.19
Web Server : Apache
System : Linux hosting.nxthost.com 5.14.0-687.44.1.el9_8.x86_64 #1 SMP PREEMPT_DYNAMIC Wed Sep 9 11:11:28 EDT 2026 x86_64
User : esteemro ( 1261)
PHP Version : 7.4.33
Disable Function : show_source, system, shell_exec, passthru, exec, popen, proc_open
MySQL : OFF  |  cURL : ON  |  WGET : ON  |  Perl : ON  |  Python : OFF  |  Sudo : OFF  |  Pkexec : OFF
Directory :  /home/esteemro/access-logs/

Upload File :
current_dir [ Writeable ] document_root [ Writeable ]

 

Command :


[ Back ]     

Current File : /home/esteemro/access-logs/esteem.ro
216.73.217.19 - - [23/Sep/2026:15:24:31 +0300] "GET /robots.txt HTTP/1.1" 200 78 "-" "Mozilla/5.0 AppleWebKit/537.36 (KHTML, like Gecko; compatible; ClaudeBot/1.0; +claudebot@anthropic.com)"
216.73.217.19 - - [23/Sep/2026:15:24:32 +0300] "GET /sitemap.xml HTTP/1.1" 301 0 "-" "Mozilla/5.0 AppleWebKit/537.36 (KHTML, like Gecko; compatible; ClaudeBot/1.0; +claudebot@anthropic.com)"
216.73.217.19 - - [23/Sep/2026:15:24:32 +0300] "GET /wp-sitemap.xml HTTP/1.1" 404 18156 "http://esteem.ro/sitemap.xml" "Mozilla/5.0 AppleWebKit/537.36 (KHTML, like Gecko; compatible; ClaudeBot/1.0; +claudebot@anthropic.com)"
43.153.96.79 - - [23/Sep/2026:15:25:59 +0300] "GET / HTTP/1.1" 200 18250 "-" "Mozilla/5.0 (iPhone; CPU iPhone OS 13_2_3 like Mac OS X) AppleWebKit/605.1.15 (KHTML, like Gecko) Version/13.0.3 Mobile/15E148 Safari/604.1"
216.244.66.249 - - [23/Sep/2026:15:34:09 +0300] "GET /product-category/promotii/promotii-octombrie/ HTTP/1.1" 301 0 "-" "Mozilla/5.0 (compatible; DotBot/1.2; +https://opensiteexplorer.org/dotbot; help@moz.com)"
64.188.91.94 - - [23/Sep/2026:16:17:55 +0300] "GET / HTTP/1.1" 200 18240 "-" "Mozilla/5.0 (Windows NT 10.0; Win64; x64) AppleWebKit/537.36 (KHTML, like Gecko) Chrome/112.0.0.0 Safari/537.36"
216.244.66.249 - - [23/Sep/2026:16:18:44 +0300] "GET /product-category/oferte-aprilie/feed/ HTTP/1.1" 404 71218 "-" "Mozilla/5.0 (compatible; DotBot/1.2; +https://opensiteexplorer.org/dotbot; help@moz.com)"
170.106.192.3 - - [23/Sep/2026:16:21:12 +0300] "GET / HTTP/1.1" 301 0 "-" "Mozilla/5.0 (iPhone; CPU iPhone OS 13_2_3 like Mac OS X) AppleWebKit/605.1.15 (KHTML, like Gecko) Version/13.0.3 Mobile/15E148 Safari/604.1"
170.106.192.3 - - [23/Sep/2026:16:21:13 +0300] "GET / HTTP/1.1" 200 18250 "http://www.esteem.ro" "Mozilla/5.0 (iPhone; CPU iPhone OS 13_2_3 like Mac OS X) AppleWebKit/605.1.15 (KHTML, like Gecko) Version/13.0.3 Mobile/15E148 Safari/604.1"
86.107.43.20 - - [23/Sep/2026:16:38:34 +0300] "GET /.well-known/acme-challenge/SRDECPSW2YM1-61S8PL85P071Z7-S0JK HTTP/1.1" 404 355 "-" "Cpanel-HTTP-Client/1.0"
86.107.43.20 - - [23/Sep/2026:16:38:34 +0300] "GET /.well-known/acme-challenge/6IF1TQIUIQGX5-LBM0P6B3AFAD5ALF59 HTTP/1.1" 404 355 "-" "Cpanel-HTTP-Client/1.0"
86.107.43.20 - - [23/Sep/2026:16:38:34 +0300] "GET /.well-known/acme-challenge/A07S0SZZI-_BLSK57B_KF7EH_A63-77I HTTP/1.1" 404 355 "-" "Cpanel-HTTP-Client/1.0"
176.65.132.251 - - [23/Sep/2026:16:46:45 +0300] "GET /wp-content/plugins/translatepress-multilingual/readme.txt HTTP/1.1" 403 177 "-" "Mozilla/5.0 (Windows NT 10.0; Win64; x64) AppleWebKit/537.36 (KHTML, like Gecko) Chrome/140.0.0.0 Safari/537.36"
176.65.132.251 - - [23/Sep/2026:16:46:48 +0300] "GET /wp-content/plugins/give/readme.txt HTTP/1.1" 403 177 "-" "Mozilla/5.0 (Windows NT 10.0; Win64; x64) AppleWebKit/537.36 (KHTML, like Gecko) Chrome/140.0.0.0 Safari/537.36"
176.65.132.251 - - [23/Sep/2026:16:46:55 +0300] "GET /wp-content/plugins/pods/readme.txt HTTP/1.1" 403 177 "-" "Mozilla/5.0 (Windows NT 10.0; Win64; x64) AppleWebKit/537.36 (KHTML, like Gecko) Chrome/140.0.0.0 Safari/537.36"
176.65.132.251 - - [23/Sep/2026:16:47:03 +0300] "GET /wp-content/plugins/simple-membership/readme.txt HTTP/1.1" 403 177 "-" "Mozilla/5.0 (Windows NT 10.0; Win64; x64) AppleWebKit/537.36 (KHTML, like Gecko) Chrome/140.0.0.0 Safari/537.36"
176.65.132.251 - - [23/Sep/2026:16:47:03 +0300] "GET /wp-content/plugins/king-addons/readme.txt HTTP/1.1" 403 177 "-" "Mozilla/5.0 (Windows NT 10.0; Win64; x64) AppleWebKit/537.36 (KHTML, like Gecko) Chrome/140.0.0.0 Safari/537.36"
176.65.132.251 - - [23/Sep/2026:16:47:11 +0300] "GET /wp-content/plugins/the-events-calendar/readme.txt HTTP/1.1" 403 177 "-" "Mozilla/5.0 (Windows NT 10.0; Win64; x64) AppleWebKit/537.36 (KHTML, like Gecko) Chrome/140.0.0.0 Safari/537.36"
176.65.132.251 - - [23/Sep/2026:16:47:19 +0300] "GET /wp-content/plugins/meta-box-aio/CHANGELOG.md HTTP/1.1" 403 177 "-" "Mozilla/5.0 (Windows NT 10.0; Win64; x64) AppleWebKit/537.36 (KHTML, like Gecko) Chrome/140.0.0.0 Safari/537.36"
176.65.132.251 - - [23/Sep/2026:16:47:19 +0300] "GET /feed/ HTTP/1.1" 200 18295 "-" "Mozilla/5.0 (Windows NT 10.0; Win64; x64) AppleWebKit/537.36 (KHTML, like Gecko) Chrome/140.0.0.0 Safari/537.36"
45.227.253.15 - - [23/Sep/2026:17:03:35 +0300] "GET /old/wp-content/plugins/arscode-ninja-popups/admin/fields/button_set/button_set/index.php?of=1 HTTP/1.1" 403 319 "-" "Mozilla/5.0 (Windows NT 6.2; WOW64) AppleWebKit/535.24 (KHTML, like Gecko) Chrome/82.0.1055.1 Safari/535.24"
45.227.253.15 - - [23/Sep/2026:17:04:17 +0300] "GET /puregift/puregift/puregift/index.php?of=1 HTTP/1.1" 301 0 "-" "Mozilla/5.0 (iPad; U; CPU OS 4_2_3 like Mac OS X; ja) AppleWebKit/533.17.9 (KHTML, like Gecko) Version/5.0.2 Mobile/8J2 Safari/6533.18.5"
5.83.47.50 - - [23/Sep/2026:17:06:26 +0300] "POST /wp-cron.php?doing_wp_cron=1790172385.9312810897827148437500 HTTP/1.1" 200 0 "-" "WordPress/6.9.9; https://esteem.ro"
45.227.253.15 - - [23/Sep/2026:17:06:26 +0300] "GET /newsletterxmas/newsletterxmas/index.php?of=1 HTTP/1.1" 301 0 "-" "Mozilla/5.0 (Windows NT 6.1; Win64; x64) AppleWebKit/537.36 (KHTML, like Gecko) Chrome/86.0.4240.111 Safari/537.36"
5.83.47.50 - - [23/Sep/2026:17:07:29 +0300] "POST /wp-cron.php?doing_wp_cron=1790172449.6807320117950439453125 HTTP/1.1" 200 0 "-" "WordPress/6.9.9; https://esteem.ro"
45.227.253.15 - - [23/Sep/2026:17:07:29 +0300] "GET /old/wp-content/themes/pure/framework/admin/options/parallax/parallax/index.php?of=1 HTTP/1.1" 301 0 "-" "Mozilla/5.0 (Windows NT 10.0; Win64; x64; rv:80.0) Gecko/20100101 Firefox/80.0"
45.227.253.15 - - [23/Sep/2026:17:09:12 +0300] "GET /dev.esteem.ro/wp-includes/Requests/src/Response/Response/index.php?of=1 HTTP/1.1" 301 0 "-" "Mozilla/5.0 (Linux; Android 10; Z832 Build/MMB29M) AppleWebKit/537.36 (KHTML, like Gecko) Chrome/85.0.4183.83 Mobile Safari/537.36"
5.83.47.50 - - [23/Sep/2026:17:09:33 +0300] "POST /wp-cron.php?doing_wp_cron=1790172573.6186800003051757812500 HTTP/1.1" 200 0 "-" "WordPress/6.9.9; https://esteem.ro"
45.227.253.15 - - [23/Sep/2026:17:09:33 +0300] "GET /?of=1 HTTP/1.1" 301 0 "-" "Mozilla/5.0 (iPhone; CPU iPhone OS 13_5_1 like Mac OS X) AppleWebKit/605.1.15 (KHTML, like Gecko) Version/13.1.1 Mobile/15E148 Safari/604.1"
45.227.253.15 - - [23/Sep/2026:17:12:23 +0300] "GET /wp-admin/js/js/index.php?of=1 HTTP/1.1" 301 0 "-" "Mozilla/5.0 (Windows NT 10.0; Win64; x64) AppleWebKit/537.36 (KHTML, like Gecko) Chrome/85.0.4183.83 Safari/537.35"
5.83.47.50 - - [23/Sep/2026:17:12:44 +0300] "POST /wp-cron.php?doing_wp_cron=1790172764.7775259017944335937500 HTTP/1.1" 200 0 "-" "WordPress/6.9.9; https://esteem.ro"
45.227.253.15 - - [23/Sep/2026:17:12:44 +0300] "GET /newsletterxmas/newsletterxmas/newsletterxmas/index.php?of=1 HTTP/1.1" 301 0 "-" "Mozilla/5.0 (Windows NT 10.0; Win64; x64) AppleWebKit/537.36 (KHTML, like Gecko) Chrome/84.0.4183.83 Safari/537.36"
45.227.253.15 - - [23/Sep/2026:17:13:05 +0300] "GET /images/images/index.php?of=1 HTTP/1.1" 301 0 "-" "Mozilla/5.0 (Windows NT 10.0; Win64; x64) AppleWebKit/537.36 (KHTML, like Gecko) Chrome/81.0.3282.140 Safari/537.36 Edge/18.17763"
45.227.253.15 - - [23/Sep/2026:17:15:09 +0300] "GET /seo/seo/index.php?of=1 HTTP/1.1" 301 0 "-" "Mozilla/5.0 (Macintosh; Intel Mac OS X 10.13; rv:103.0) Gecko/20100101 Firefox/103.0"
45.227.253.15 - - [23/Sep/2026:17:15:09 +0300] "GET /puregift/puregift/index.php?of=1 HTTP/1.1" 301 0 "-" "Mozilla/5.0 (Windows NT 10.0; Win64; x64) AppleWebKit/537.36 (KHTML, like Gecko) Chrome/75.0.3780 Safari/537.36 Edg/75.0.139"
62.231.94.69 - - [23/Sep/2026:17:25:54 +0300] "GET /?utm_source=ig&utm_medium=social&utm_content=link_in_bio&fbclid=PAcGRvZgJmZGlkFlDv2pPjhT22mitwrLAgH2TgxaD5DodleHRuA2FlbQIxMQBzcnRjBmFwcF9pZA8xMjQwMjQ1NzQyODc0MTQAAaeBA2hDy8u_Z2j92EdxWdD7uCCTA5jX0C88uO6OL_b3LGMs2f1F-dfl2FHV9g_aem_S5imdK_yJAPl9nbbv5sFhw HTTP/1.1" 301 0 "https://l.instagram.com/" "Mozilla/5.0 (iPhone; CPU iPhone OS 26_6_2 like Mac OS X) AppleWebKit/605.1.15 (KHTML, like Gecko) Mobile/23G90 Instagram 447.0.0.34.80 (iPhone16,2; iOS 26_6_2; en_GB; en-GB; scale=3.00; 1290x2796; IABMV/1; 1065993616) Safari/604.1"
172.225.187.82 - - [23/Sep/2026:17:26:06 +0300] "GET /?utm_source=ig&utm_medium=social&utm_content=link_in_bio&fbclid=PAcGRvZgJmZGlkFlDv-dL4uIYSRAq2F-0Kbwg1OZR6e15leHRuA2FlbQIxMQBzcnRjBmFwcF9pZA8xMjQwMjQ1NzQyODc0MTQAAafGn6V2kkwepbQm_MbsD8jBzeRigr0MFYVUfCrDayedDGjVMyx6tMT6VEwSQQ_aem_uvX1RoEhm9aogZgnP-iAOQ HTTP/1.1" 301 0 "https://l.instagram.com/" "Mozilla/5.0 (iPhone; CPU iPhone OS 26_6_2 like Mac OS X) AppleWebKit/605.1.15 (KHTML, like Gecko) Mobile/23G90 Instagram 447.0.0.34.80 (iPhone15,4; iOS 26_6_2; en_GB; en-GB; scale=3.00; 1179x2556; IABMV/1; 1065993616) Safari/604.1"
185.218.86.24 - - [23/Sep/2026:17:28:06 +0300] "GET / HTTP/1.1" 301 0 "-" "Mozilla/5.0 (X11; Linux x86_64) AppleWebKit/537.36 (KHTML, like Gecko) Chrome/124.0 Safari/537.36"
86.50.112.63 - - [23/Sep/2026:17:29:08 +0300] "GET /?utm_source=ig&utm_medium=social&utm_content=link_in_bio&fbclid=PAcGRvZgJmZGlkFlDv6r3KYYQwGF3ULfgFRpRytyoy1JVleHRuA2FlbQIxMQBzcnRjBmFwcF9pZA8xMjQwMjQ1NzQyODc0MTQAAae_gvPfd9nBAEfTudjn-uYNj7cfLcFyJ4nR5e0j4t8_wLAiocRyf_50M2N3ig_aem_DZpPsVfa1QhSpmULe0FIkA HTTP/1.1" 301 0 "https://l.instagram.com/" "Mozilla/5.0 (iPhone; CPU iPhone OS 26_5_2 like Mac OS X) AppleWebKit/605.1.15 (KHTML, like Gecko) Mobile/23F84 Instagram 447.0.0.34.80 (iPhone12,1; iOS 26_5_2; en_GB; en-GB; scale=2.00; 828x1792; IABMV/1; 1065993616) Safari/604.1"
5.83.47.50 - - [23/Sep/2026:17:39:10 +0300] "POST /wp-cron.php?doing_wp_cron=1790174350.8764770030975341796875 HTTP/1.1" 200 0 "-" "WordPress/6.9.9; https://esteem.ro"
216.244.66.249 - - [23/Sep/2026:17:39:10 +0300] "GET /category/noutati/feed/ HTTP/1.1" 301 0 "-" "Mozilla/5.0 (compatible; DotBot/1.2; +https://opensiteexplorer.org/dotbot; help@moz.com)"
5.2.203.32 - - [23/Sep/2026:17:42:35 +0300] "GET /?utm_source=ig&utm_medium=social&utm_content=link_in_bio&fbclid=PAcGRvZgJmZGlkFlDv3AiT9ZoHacds-uJdATU8GIezCsRleHRuA2FlbQIxMQBzcnRjBmFwcF9pZA8xMjQwMjQ1NzQyODc0MTQAAadAR8bptDE2uG3_LrCvbnf_p8WMHeDf4BCgL_iCMym382kJnVAVdIzTehb7SA_aem_6g5RcYQa3P7zfmDOsnVwdw HTTP/1.1" 301 0 "https://l.instagram.com/" "Mozilla/5.0 (iPhone; CPU iPhone OS 26_6_2 like Mac OS X) AppleWebKit/605.1.15 (KHTML, like Gecko) Mobile/23G90 Instagram 447.0.0.34.80 (iPhone17,1; iOS 26_6_2; en_GB; en-GB; scale=3.00; 1206x2622; IABMV/1; 1065993616) Safari/604.1"
216.73.217.19 - - [23/Sep/2026:17:43:57 +0300] "GET /robots.txt HTTP/1.1" 200 112 "-" "Mozilla/5.0 AppleWebKit/537.36 (KHTML, like Gecko; compatible; ClaudeBot/1.0; +claudebot@anthropic.com)"
216.73.217.19 - - [23/Sep/2026:17:43:57 +0300] "GET /sitemap.xml HTTP/1.1" 301 0 "-" "Mozilla/5.0 AppleWebKit/537.36 (KHTML, like Gecko; compatible; ClaudeBot/1.0; +claudebot@anthropic.com)"
175.178.110.121 - - [23/Sep/2026:17:48:08 +0300] "GET / HTTP/1.1" 301 0 "-" "Mozilla/5.0 (iPhone; CPU iPhone OS 13_2_3 like Mac OS X) AppleWebKit/605.1.15 (KHTML, like Gecko) Version/13.0.3 Mobile/15E148 Safari/604.1"
185.218.86.24 - - [23/Sep/2026:17:55:18 +0300] "GET / HTTP/1.1" 301 0 "-" "Mozilla/5.0 (X11; Linux x86_64) AppleWebKit/537.36 (KHTML, like Gecko) Chrome/124.0 Safari/537.36"
5.83.47.50 - - [23/Sep/2026:17:56:29 +0300] "POST /wp-cron.php?doing_wp_cron=1790175389.5545089244842529296875 HTTP/1.1" 200 0 "-" "WordPress/6.9.9; https://esteem.ro"
86.127.162.103 - - [23/Sep/2026:17:56:29 +0300] "GET /?utm_source=ig&utm_medium=social&utm_content=link_in_bio&fbclid=PAcGRvZgJleHRuA2FlbQIxMQBzcnRjBmFwcF9pZA81NjcwNjczNDMzNTI0MjcAAacFojsJtXXa9kdBVKQI7OYxVMH-JTnoome4Fs3a-XvDpRKl35DyTCOCeuYObw_aem_T7lpMQup18KNKNJfhsY3MA HTTP/1.1" 301 0 "https://l.instagram.com/" "Mozilla/5.0 (Linux; Android 16; SM-A546B Build/BP4A.251205.006; wv) AppleWebKit/537.36 (KHTML, like Gecko) Version/4.0 Chrome/153.0.8010.41 Mobile Safari/537.36 Instagram 447.0.0.55.81 Android (36/16; 450dpi; 1080x2340; samsung; SM-A546B; a54x; s5e8835; ro_RO; 1068046303; IABMV/1)"
81.196.96.72 - - [23/Sep/2026:17:56:34 +0300] "GET /?utm_source=ig&utm_medium=social&utm_content=link_in_bio&fbclid=PAcGRvZgJmZGlkFlDvFUlqqIagQkN76ILxkmWALTerPONleHRuA2FlbQIxMQBzcnRjBmFwcF9pZA8xMjQwMjQ1NzQyODc0MTQAAadt5lfOlvjaipObxjMO4r8RbBYCtYdfbWwjkb1z6GZYoqVmWBI3iaupacktKw_aem_22rd7jJSdARuyBnHvmRz3g HTTP/1.1" 301 0 "https://l.instagram.com/" "Mozilla/5.0 (iPhone; CPU iPhone OS 26_7 like Mac OS X) AppleWebKit/605.1.15 (KHTML, like Gecko) Mobile/23H24 Instagram 447.0.0.34.80 (iPhone18,3; iOS 26_7; en_US; en; scale=3.00; 1206x2622; IABMV/1; 1065993616) Safari/604.1"
5.83.47.50 - - [23/Sep/2026:18:03:39 +0300] "POST /wp-cron.php?doing_wp_cron=1790175819.3859410285949707031250 HTTP/1.1" 200 0 "-" "WordPress/6.9.9; https://esteem.ro"
159.75.35.32 - - [23/Sep/2026:18:03:39 +0300] "HEAD / HTTP/1.1" 301 0 "https://m.baidu.com/s?word=www.ddddi.cn" "Mozilla/5.0 (Linux; Android 9; MI 8 Build/PKQ1.180729.001; wv) AppleWebKit/537.36 (KHTML, like Gecko) Version/4.0 Chrome/66.0.3359.126 MQQBrowser/6.2 TBS/045008 Mobile Safari/537.36 V1_AND_SQ_8.1.8_1276_YYB_D QQ/8.1.8.4260 NetType/WIFI WebP/0.3.0 Pixel/1080 StatusBarHeight/89 SimpleUISwitch/0"
85.11.167.192 - - [23/Sep/2026:18:08:11 +0300] "GET /wp-content/plugins/translatepress-multilingual/readme.txt HTTP/1.1" 403 177 "-" "Mozilla/5.0 (Windows NT 10.0; Win64; x64) AppleWebKit/537.36 (KHTML, like Gecko) Chrome/140.0.0.0 Safari/537.36"
85.11.167.192 - - [23/Sep/2026:18:08:12 +0300] "GET /wp-content/plugins/give/readme.txt HTTP/1.1" 403 177 "-" "Mozilla/5.0 (Windows NT 10.0; Win64; x64) AppleWebKit/537.36 (KHTML, like Gecko) Chrome/140.0.0.0 Safari/537.36"
85.11.167.192 - - [23/Sep/2026:18:08:13 +0300] "GET /wp-content/plugins/pods/readme.txt HTTP/1.1" 403 177 "-" "Mozilla/5.0 (Windows NT 10.0; Win64; x64) AppleWebKit/537.36 (KHTML, like Gecko) Chrome/140.0.0.0 Safari/537.36"
85.11.167.192 - - [23/Sep/2026:18:08:14 +0300] "GET /wp-content/plugins/simple-membership/readme.txt HTTP/1.1" 403 177 "-" "Mozilla/5.0 (Windows NT 10.0; Win64; x64) AppleWebKit/537.36 (KHTML, like Gecko) Chrome/140.0.0.0 Safari/537.36"
85.11.167.192 - - [23/Sep/2026:18:08:16 +0300] "GET /wp-content/plugins/king-addons/readme.txt HTTP/1.1" 403 177 "-" "Mozilla/5.0 (Windows NT 10.0; Win64; x64) AppleWebKit/537.36 (KHTML, like Gecko) Chrome/140.0.0.0 Safari/537.36"
85.11.167.192 - - [23/Sep/2026:18:08:17 +0300] "GET /wp-content/plugins/the-events-calendar/readme.txt HTTP/1.1" 403 177 "-" "Mozilla/5.0 (Windows NT 10.0; Win64; x64) AppleWebKit/537.36 (KHTML, like Gecko) Chrome/140.0.0.0 Safari/537.36"
85.11.167.192 - - [23/Sep/2026:18:08:17 +0300] "GET /wp-content/plugins/meta-box-aio/CHANGELOG.md HTTP/1.1" 403 177 "-" "Mozilla/5.0 (Windows NT 10.0; Win64; x64) AppleWebKit/537.36 (KHTML, like Gecko) Chrome/140.0.0.0 Safari/537.36"
5.83.47.50 - - [23/Sep/2026:18:08:19 +0300] "POST /wp-cron.php?doing_wp_cron=1790176099.0060949325561523437500 HTTP/1.1" 200 0 "-" "WordPress/6.9.9; https://esteem.ro"
85.11.167.192 - - [23/Sep/2026:18:08:19 +0300] "GET /feed/ HTTP/1.1" 301 0 "-" "Mozilla/5.0 (Windows NT 10.0; Win64; x64) AppleWebKit/537.36 (KHTML, like Gecko) Chrome/140.0.0.0 Safari/537.36"
105.76.187.157 - - [23/Sep/2026:18:14:14 +0300] "GET /wp-includes/js/tinymce/plugins/textcolor/wp-login.php HTTP/1.1" 301 0 "-" "Mozilla/5.0 (Windows NT 10.0; Win64; x64) AppleWebKit/537.36 (KHTML, like Gecko) Chrome/85.0.4183.102 Safari/537.36"
5.83.47.50 - - [23/Sep/2026:18:19:35 +0300] "POST /wp-cron.php?doing_wp_cron=1790176775.2589991092681884765625 HTTP/1.1" 200 0 "-" "WordPress/6.9.9; https://esteem.ro"
104.28.131.118 - - [23/Sep/2026:18:19:35 +0300] "GET /?utm_source=ig&utm_medium=social&utm_content=link_in_bio&fbclid=PAcGRvZgJmZGlkFlDvPcQAHUQFo1yjDJDNP5NN5jVQZI1leHRuA2FlbQIxMQBzcnRjBmFwcF9pZA8xMjQwMjQ1NzQyODc0MTQAAacqo1euStH9CiXqxLHb3Oab6GhEv2v4pANb_bNe2NKG2D0VesIBJ9bw-dVEYw_aem_5zqOYf6cFrM1Rf8ceJMFHg HTTP/1.1" 301 0 "https://l.instagram.com/" "Mozilla/5.0 (iPhone; CPU iPhone OS 27_0 like Mac OS X) AppleWebKit/605.1.15 (KHTML, like Gecko) Mobile/24A437 Instagram 447.0.0.34.80 (iPhone15,3; iOS 27_0; en_GB; en-GB; scale=3.00; 1290x2796; IABMV/1; 1065993616) Safari/604.1"
5.83.47.50 - - [23/Sep/2026:18:23:35 +0300] "POST /wp-cron.php?doing_wp_cron=1790177015.3133559226989746093750 HTTP/1.1" 200 0 "-" "WordPress/6.9.9; https://esteem.ro"
140.248.36.240 - - [23/Sep/2026:18:23:35 +0300] "GET /?utm_source=ig&utm_medium=social&utm_content=link_in_bio&fbclid=PAcGRvZgJmZGlkFlDvPcQAHUQFo1yjDJDNP5NN5jVQZI1leHRuA2FlbQIxMQBzcnRjBmFwcF9pZA8xMjQwMjQ1NzQyODc0MTQAAacqo1euStH9CiXqxLHb3Oab6GhEv2v4pANb_bNe2NKG2D0VesIBJ9bw-dVEYw_aem_5zqOYf6cFrM1Rf8ceJMFHg HTTP/1.1" 301 0 "https://l.instagram.com/" "Mozilla/5.0 (iPhone; CPU iPhone OS 27_0 like Mac OS X) AppleWebKit/605.1.15 (KHTML, like Gecko) Mobile/24A437 Instagram 447.0.0.34.80 (iPhone15,3; iOS 27_0; en_GB; en-GB; scale=3.00; 1290x2796; IABMV/1; 1065993616) Safari/604.1"
89.187.179.56 - - [23/Sep/2026:18:27:30 +0300] "GET /?utm_source=ig&utm_medium=social&utm_content=link_in_bio&fbclid=PAcGRvZgJmZGlkFlDvmC0xxgkmKEFKgve-e2Mz8On22oJleHRuA2FlbQIxMQBzcnRjBmFwcF9pZA8xMjQwMjQ1NzQyODc0MTQAAaemJB4c8hB35LtGXhRbBcbSMyFSTaTWA6-TkUGTunTLnT5gBs-JPvO34gXeSg_aem_tS12j3pF8V4eozG9GzGopg HTTP/1.1" 301 0 "https://l.instagram.com/" "Mozilla/5.0 (iPhone; CPU iPhone OS 26_6_2 like Mac OS X) AppleWebKit/605.1.15 (KHTML, like Gecko) Mobile/23G90 Instagram 447.0.0.34.80 (iPhone14,5; iOS 26_6_2; en_GB; en-GB; scale=3.00; 1170x2532; IABMV/1; 1065993616) Safari/604.1"
185.218.86.24 - - [23/Sep/2026:18:42:27 +0300] "GET /wp-content/uploads/pum/pum-site-scripts.js?defer&generated=1783511592&ver=1.9.1 HTTP/1.1" 200 53267 "-" "Mozilla/5.0 (X11; Linux x86_64) AppleWebKit/537.36 (KHTML, like Gecko) Chrome/124.0 Safari/537.36"
213.233.104.125 - - [23/Sep/2026:18:50:09 +0300] "GET /?utm_source=ig&utm_medium=social&utm_content=link_in_bio&fbclid=PAcGRvZgJmZGlkFlDvSDxlijI9o241JoOvPqPjTxhTA3NleHRuA2FlbQIxMQBzcnRjBmFwcF9pZA8xMjQwMjQ1NzQyODc0MTQAAad7zoFqfY53DIaL-4yubVff7C5N_Agi7w-Xso3pidsZzUp4a4iMePHZ5ebU0w_aem_KxSU3_MLaGQSFg0lDD8A5g HTTP/1.1" 301 0 "https://l.instagram.com/" "Mozilla/5.0 (iPhone; CPU iPhone OS 26_5_2 like Mac OS X) AppleWebKit/605.1.15 (KHTML, like Gecko) Mobile/23F84 Instagram 447.0.0.34.80 (iPhone18,2; iOS 26_5_2; en_GB; en-GB; scale=3.00; 1320x2868; IABMV/1; 1065993616) Safari/604.1"
69.171.249.1 - - [23/Sep/2026:18:52:30 +0300] "GET /?utm_source=ig&utm_medium=social&utm_content=link_in_bio HTTP/1.1" 301 0 "-" "facebookexternalhit/1.1 (+http://www.facebook.com/externalhit_uatext.php)"
173.252.95.56 - - [23/Sep/2026:18:52:36 +0300] "GET /?utm_source=ig&utm_medium=social&utm_content=link_in_bio HTTP/1.1" 301 0 "-" "facebookexternalhit/1.1 (+http://www.facebook.com/externalhit_uatext.php)"
173.252.83.17 - - [23/Sep/2026:18:52:36 +0300] "GET /?utm_source=ig&utm_medium=social&utm_content=link_in_bio HTTP/1.1" 301 0 "-" "facebookexternalhit/1.1 (+http://www.facebook.com/externalhit_uatext.php)"
43.172.195.233 - - [23/Sep/2026:19:20:00 +0300] "GET / HTTP/1.1" 301 0 "-" "Mozilla/5.0 (Windows NT 10.0; Win64; x64) AppleWebKit/537.36 (KHTML, like Gecko) Chrome/110.0.0.0 Safari/537.36"
43.173.175.158 - - [23/Sep/2026:19:20:14 +0300] "GET / HTTP/1.1" 301 0 "-" "Mozilla/5.0 (Windows NT 10.0; Win64; x64) AppleWebKit/537.36 (KHTML, like Gecko) Chrome/109.0.0.0 Safari/537.36"
173.252.95.46 - - [23/Sep/2026:19:25:42 +0300] "GET /meta.json HTTP/1.1" 301 0 "-" "facebookexternalhit/1.1 (+http://www.facebook.com/externalhit_uatext.php)"
43.153.71.12 - - [23/Sep/2026:19:33:58 +0300] "GET / HTTP/1.1" 301 0 "-" "Mozilla/5.0 (iPhone; CPU iPhone OS 13_2_3 like Mac OS X) AppleWebKit/605.1.15 (KHTML, like Gecko) Version/13.0.3 Mobile/15E148 Safari/604.1"
5.83.47.50 - - [23/Sep/2026:19:34:28 +0300] "POST /wp-cron.php?doing_wp_cron=1790181268.4881420135498046875000 HTTP/1.1" 200 0 "-" "WordPress/6.9.9; https://esteem.ro"
32.198.53.118 - - [23/Sep/2026:19:34:28 +0300] "GET / HTTP/1.1" 301 0 "-" "Mozilla/5.0 (Windows; U; Windows NT 6.0; en-US) AppleWebKit/533.1 (KHTML, like Gecko) Maxthon/3.0.8.2 Safari/533.1"
32.198.53.118 - - [23/Sep/2026:19:34:28 +0300] "GET / HTTP/1.1" 301 0 "-" "Mozilla/5.0 (Linux; Android 8.0.0; F8331) AppleWebKit/537.36 (KHTML, like Gecko) Chrome/100.0.4896.88 Mobile Safari/537.36"
86.107.43.20 - - [23/Sep/2026:19:38:41 +0300] "GET /.well-known/acme-challenge/BP3U459P8B2UJ5-O5IDPELD9_MAO4_RR HTTP/1.1" 404 355 "-" "Cpanel-HTTP-Client/1.0"
86.107.43.20 - - [23/Sep/2026:19:38:41 +0300] "GET /.well-known/acme-challenge/6IW94IBPDGRD9IU86RNB-LY2VLPVRS41 HTTP/1.1" 404 355 "-" "Cpanel-HTTP-Client/1.0"
86.107.43.20 - - [23/Sep/2026:19:38:42 +0300] "GET /.well-known/acme-challenge/GTG14Q_-6_WNCBSRCZ967_DTW1U1DYZC HTTP/1.1" 404 355 "-" "Cpanel-HTTP-Client/1.0"
62.231.103.61 - - [23/Sep/2026:19:43:01 +0300] "GET /?utm_source=ig&utm_medium=social&utm_content=link_in_bio&fbclid=PAcGRvZgJleHRuA2FlbQIxMQBzcnRjBmFwcF9pZA81NjcwNjczNDMzNTI0MjcAAaeSxkwu9LQIFVQFTrk-184b7CtDFnaaV5a0t2vH2-F8YOAmv9mvQ8rPyFMROg_aem_YBkd3tRZczBWAjUw-YBVUQ HTTP/1.1" 301 0 "https://l.instagram.com/" "Mozilla/5.0 (Linux; Android 16; SM-S931B Build/BP4A.251205.006; wv) AppleWebKit/537.36 (KHTML, like Gecko) Version/4.0 Chrome/153.0.8010.41 Mobile Safari/537.36 Instagram 447.0.0.55.81 Android (36/16; 480dpi; 1080x2340; samsung; SM-S931B; pa1q; qcom; ro_RO; 1068046257; IABMV/1)"
34.74.58.184 - - [23/Sep/2026:19:45:51 +0300] "GET /core/.env HTTP/1.1" 403 117 "-" "python-requests/2.34.2"
69.63.184.48 - - [23/Sep/2026:20:01:23 +0300] "GET /meta.json HTTP/1.1" 301 0 "-" "facebookexternalhit/1.1 (+http://www.facebook.com/externalhit_uatext.php)"
66.249.92.193 - - [23/Sep/2026:20:06:22 +0300] "GET / HTTP/1.1" 301 0 "-" "Mozilla/5.0 (Linux; Android 6.0.1; Nexus 5X Build/MMB29P) AppleWebKit/537.36 (KHTML, like Gecko) Chrome/153.0.8010.52 Mobile Safari/537.36 (compatible; AdsBot-Google-Mobile; +http://www.google.com/mobile/adsbot.html)"
86.120.252.209 - - [23/Sep/2026:20:16:43 +0300] "GET /?utm_source=ig&utm_medium=social&utm_content=link_in_bio&fbclid=PAcGRvZgJleHRuA2FlbQIxMQBzcnRjBmFwcF9pZA81NjcwNjczNDMzNTI0MjcAAafbfxS1nX3RqE-u6Ks9CP84ZHroC93pPFcAGHQpty2pT-31_eHyv9rCgTKHSg_aem_8dPk9oumrmdsdWOKAPaS2A HTTP/1.1" 301 0 "https://l.instagram.com/?u=http%3A%2F%2Fwww.esteem.ro%2F%3Futm_source%3Dig%26utm_medium%3Dsocial%26utm_content%3Dlink_in_bio%26fbclid%3DPAcGRvZgJleHRuA2FlbQIxMQBzcnRjBmFwcF9pZA81NjcwNjczNDMzNTI0MjcAAafbfxS1nX3RqE-u6Ks9CP84ZHroC93pPFcAGHQpty2pT-31_eHyv9rCgTKHSg_aem_8dPk9oumrmdsdWOKAPaS2A&e=AUAniiBjUu9vJD8XjgRHp9DgtcwHlFBFwbFo8_lEaUYtYOsFrNAmDoR3wN0y5CiaGQwGk1CCVwaZAoImnenm6aYbp-FLBLLG4Z_vE0ym0tRe0V3APjl2pb8fNpbhlzOqeej_F7hod6daBFvT7A" "Mozilla/5.0 (Linux; Android 14; SM-S911B Build/UP1A.231005.007; wv) AppleWebKit/537.36 (KHTML, like Gecko) Version/4.0 Chrome/153.0.8010.41 Mobile Safari/537.36 Instagram 447.0.0.55.81 Android (34/14; 420dpi; 1080x2340; samsung; SM-S911B; dm1q; qcom; en_US; 1068046303; IABMV/1)"
109.103.57.40 - - [23/Sep/2026:20:22:06 +0300] "GET / HTTP/1.1" 301 0 "-" "r-Omenia/1.0 (+https://www.r-omenia.ro/; https://www.orientarepanoramica.ro/)"
216.244.66.249 - - [23/Sep/2026:20:39:24 +0300] "GET /shop/?add-to-cart=19717 HTTP/1.1" 301 0 "-" "Mozilla/5.0 (compatible; DotBot/1.2; +https://opensiteexplorer.org/dotbot; help@moz.com)"
43.130.71.237 - - [23/Sep/2026:21:03:33 +0300] "GET / HTTP/1.1" 301 0 "-" "Mozilla/5.0 (iPhone; CPU iPhone OS 13_2_3 like Mac OS X) AppleWebKit/605.1.15 (KHTML, like Gecko) Version/13.0.3 Mobile/15E148 Safari/604.1"
116.179.32.178 - - [23/Sep/2026:21:14:15 +0300] "GET /?p=13623 HTTP/1.1" 301 0 "-" "Mozilla/5.0 (compatible; Baiduspider/2.0; +http://www.baidu.com/search/spider.html)"
116.179.32.198 - - [23/Sep/2026:21:14:15 +0300] "GET /wp-json/wp/v2/pages/13623 HTTP/1.1" 301 0 "-" "Mozilla/5.0 (compatible; Baiduspider/2.0; +http://www.baidu.com/search/spider.html)"
173.252.87.16 - - [23/Sep/2026:21:19:46 +0300] "GET / HTTP/1.1" 301 0 "-" "meta-externalagent/1.1 (+https://developers.facebook.com/docs/sharing/webmasters/crawler)"
81.196.175.120 - - [23/Sep/2026:21:32:15 +0300] "GET /?utm_source=ig&utm_medium=social&utm_content=link_in_bio&fbclid=PAcGRvZgJmZGlkFlDv3e8uorDp9i7UaGVK7Rrtmje4QORleHRuA2FlbQIxMQBzcnRjBmFwcF9pZA8xMjQwMjQ1NzQyODc0MTQAAackZgWBuL5HTkeCns5VInU4lSnoDSQahJVEaTUr10pXCYLIt2fYjMVhiQUDgQ_aem_rHnZqVkaXIqV299KPZoOrA HTTP/1.1" 301 0 "https://l.instagram.com/" "Mozilla/5.0 (iPhone; CPU iPhone OS 26_4_1 like Mac OS X) AppleWebKit/605.1.15 (KHTML, like Gecko) Mobile/23E254 Instagram 447.0.0.34.80 (iPhone14,5; iOS 26_4_1; en_GB; en-GB; scale=3.00; 1170x2532; IABMV/1; 1065993616) Safari/604.1"
81.196.141.58 - - [23/Sep/2026:21:43:49 +0300] "GET /?utm_source=ig&utm_medium=social&utm_content=link_in_bio&fbclid=PAcGRvZgJmZGlkFlDvMOL6zQUqYiBB5c8Snx1bEPWq30RleHRuA2FlbQIxMQBzcnRjBmFwcF9pZA8xMjQwMjQ1NzQyODc0MTQAAafggoiFmygeCQqhJRCKPUIMmUAzYAMShlaZS5s7SHXdlkqgPvIEhuGJkoRlLQ_aem_0HLTVDQxJOJREx5hKVyxhg HTTP/1.1" 301 0 "https://l.instagram.com/" "Mozilla/5.0 (iPhone; CPU iPhone OS 27_0 like Mac OS X) AppleWebKit/605.1.15 (KHTML, like Gecko) Mobile/24A437 Instagram 447.0.0.34.80 (iPhone15,2; iOS 27_0; en_GB; en-GB; scale=3.00; 1179x2556; IABMV/1; 1065993616) Safari/604.1"
216.244.66.249 - - [23/Sep/2026:21:47:17 +0300] "GET /tratamente-faciale/pachete-tratament-intensiv/esteem-anti-cuperoza/ HTTP/1.1" 301 0 "-" "Mozilla/5.0 (compatible; DotBot/1.2; +https://opensiteexplorer.org/dotbot; help@moz.com)"
87.192.40.135 - - [23/Sep/2026:21:52:02 +0300] "GET /wp-login.php HTTP/1.1" 302 0 "" "Mozilla/5.0 (X11; Ubuntu; Linux x86_64) AppleWebKit/537.36 (KHTML, like Gecko) Chrome/120.0.0.0 Safari/537.36"
44.195.188.79 - - [23/Sep/2026:21:58:20 +0300] "GET /robots.txt HTTP/1.1" 200 149 "-" "Mozilla/5.0 (Macintosh; Intel Mac OS X 10_10_1) AppleWebKit/600.2.5 (KHTML, like Gecko) Version/8.0.2 Safari/600.2.5 (Gort)"
51.178.106.236 - - [23/Sep/2026:22:01:35 +0300] "GET / HTTP/1.1" 301 0 "-" "Mozilla/5.0 (Windows NT 10.0; Win64; x64) AppleWebKit/537.36 (KHTML, like Gecko) Chrome/124.0.0.0 Safari/537.36"
216.244.66.249 - - [23/Sep/2026:22:28:41 +0300] "GET /spa-party/ HTTP/1.1" 301 0 "-" "Mozilla/5.0 (compatible; DotBot/1.2; +https://opensiteexplorer.org/dotbot; help@moz.com)"
216.244.66.249 - - [23/Sep/2026:22:28:47 +0300] "GET /product/black-friday-peeling-chimic-o-sedinta/ HTTP/1.1" 301 0 "-" "Mozilla/5.0 (compatible; DotBot/1.2; +https://opensiteexplorer.org/dotbot; help@moz.com)"
216.244.66.249 - - [23/Sep/2026:22:28:51 +0300] "GET /termeni-si-conditii-2/ HTTP/1.1" 301 0 "-" "Mozilla/5.0 (compatible; DotBot/1.2; +https://opensiteexplorer.org/dotbot; help@moz.com)"
86.107.43.20 - - [23/Sep/2026:22:38:03 +0300] "GET /.well-known/acme-challenge/U97J8IQSOINLQSO5943TFFOKQD27XV51 HTTP/1.1" 404 355 "-" "Cpanel-HTTP-Client/1.0"
86.107.43.20 - - [23/Sep/2026:22:38:03 +0300] "GET /.well-known/acme-challenge/6WLMFVC2V8ZGN7T6TPXUKIIAK62CGS-7 HTTP/1.1" 404 355 "-" "Cpanel-HTTP-Client/1.0"
86.107.43.20 - - [23/Sep/2026:22:38:03 +0300] "GET /.well-known/acme-challenge/QO7ENXM2LR6Z182ATLMXD20B2R2KVL62 HTTP/1.1" 404 355 "-" "Cpanel-HTTP-Client/1.0"
216.244.66.249 - - [23/Sep/2026:23:14:24 +0300] "GET /product/black-friday-hifu-7d-gambe-3-sedinte/ HTTP/1.1" 301 0 "-" "Mozilla/5.0 (compatible; DotBot/1.2; +https://opensiteexplorer.org/dotbot; help@moz.com)"
173.252.70.38 - - [23/Sep/2026:23:18:04 +0300] "GET /robots.txt HTTP/1.1" 206 808 "-" "facebookexternalhit/1.1 (+http://www.facebook.com/externalhit_uatext.php)"
8.217.145.188 - - [23/Sep/2026:23:27:17 +0300] "GET / HTTP/1.1" 301 0 "-" "Mozilla/5.0 (Windows NT 10.0; Win64; x64) AppleWebKit/537.36 (KHTML, like Gecko) Chrome/120.0.0.0 Safari/537.36"
185.166.154.24 - - [24/Sep/2026:00:18:02 +0300] "GET / HTTP/1.1" 301 0 "-" "Mozilla/5.0 (Windows NT 10.0; Win64; x64) AppleWebKit/537.36 (KHTML, like Gecko) Chrome/131.0.0.0 Safari/537.36"
128.127.124.209 - - [24/Sep/2026:00:26:36 +0300] "GET /?utm_source=ig&utm_medium=social&utm_content=link_in_bio&fbclid=PAcGRvZgJleHRuA2FlbQIxMQBzcnRjBmFwcF9pZA81NjcwNjczNDMzNTI0MjcAAadaVcjh-AkYWWggyfKbJbahHI7sTOSgHBoSh--BBojFSoj6HB55Km-FdRKO7g_aem_6cs5BeHnV3F7kxCQSlc3fg HTTP/1.1" 301 0 "https://l.instagram.com/" "Mozilla/5.0 (Linux; Android 16; SM-S928B Build/BP2A.250605.031.A3; wv) AppleWebKit/537.36 (KHTML, like Gecko) Version/4.0 Chrome/153.0.8010.41 Mobile Safari/537.36 Instagram 447.0.0.55.81 Android (36/16; 450dpi; 1080x2340; samsung; SM-S928B; e3q; qcom; ro_RO; 1068046303; IABMV/1)"
5.83.47.50 - - [24/Sep/2026:00:29:55 +0300] "POST /wp-cron.php?doing_wp_cron=1790198995.8020679950714111328125 HTTP/1.1" 200 0 "-" "WordPress/6.9.9; https://esteem.ro"
45.227.253.15 - - [24/Sep/2026:00:29:55 +0300] "GET /index.php/jk HTTP/1.1" 301 0 "-" "Mozilla/5.0 (Windows NT 6.3; Win64; x64) AppleWebKit/537.36 (KHTML, like Gecko) Chrome/86.0.4240.111 Safari/537.36"
45.227.253.15 - - [24/Sep/2026:00:41:07 +0300] "GET /?of=1 HTTP/1.1" 301 0 "-" "Mozilla/5.0 (Macintosh; Intel Mac OS X 10.14; rv:103.0) Gecko/20100101 Firefox/101.0"
216.244.66.249 - - [24/Sep/2026:00:41:57 +0300] "GET /shop/page/2/?add-to-cart=18723 HTTP/1.1" 301 0 "-" "Mozilla/5.0 (compatible; DotBot/1.2; +https://opensiteexplorer.org/dotbot; help@moz.com)"
43.172.194.69 - - [24/Sep/2026:01:18:06 +0300] "GET / HTTP/1.1" 301 0 "-" "Mozilla/5.0 (Windows NT 10.0; Win64; x64) AppleWebKit/537.36 (KHTML, like Gecko) Chrome/103.0.0.0 Safari/537.36"
86.107.43.20 - - [24/Sep/2026:01:38:24 +0300] "GET /.well-known/acme-challenge/93LSP2TQ095QBV4ZUAH3F0X6VQV5-Y3X HTTP/1.1" 404 355 "-" "Cpanel-HTTP-Client/1.0"
86.107.43.20 - - [24/Sep/2026:01:38:24 +0300] "GET /.well-known/acme-challenge/O2I87-246_E-SM9QL1NDXLS3PICD_KN5 HTTP/1.1" 404 355 "-" "Cpanel-HTTP-Client/1.0"
86.107.43.20 - - [24/Sep/2026:01:38:24 +0300] "GET /.well-known/acme-challenge/E_S3PGB_6KGCD90GW87ZV12NQ79X56SO HTTP/1.1" 404 355 "-" "Cpanel-HTTP-Client/1.0"
111.230.233.46 - - [24/Sep/2026:01:42:24 +0300] "GET / HTTP/1.1" 301 0 "-" "Mozilla/5.0 (iPhone; CPU iPhone OS 13_2_3 like Mac OS X) AppleWebKit/605.1.15 (KHTML, like Gecko) Version/13.0.3 Mobile/15E148 Safari/604.1"
45.156.129.174 - - [24/Sep/2026:01:45:23 +0300] "GET / HTTP/1.1" 301 0 "-" "Mozilla/5.0 AppleWebKit/537.36 (KHTML, like Gecko) Chrome/123.0.6312.86 Safari/537.36"
45.156.129.172 - - [24/Sep/2026:01:45:26 +0300] "GET /solr/ HTTP/1.1" 301 0 "-" "Mozilla/5.0 AppleWebKit/537.36 (KHTML, like Gecko) Chrome/123.0.6312.86 Safari/537.36"
45.156.129.173 - - [24/Sep/2026:01:45:29 +0300] "GET /admin/ HTTP/1.1" 301 0 "-" "Mozilla/5.0 AppleWebKit/537.36 (KHTML, like Gecko) Chrome/123.0.6312.86 Safari/537.36"
45.156.129.172 - - [24/Sep/2026:01:45:30 +0300] "GET /sitecore/shell/sitecore.version.xml HTTP/1.1" 301 0 "-" "Mozilla/5.0 AppleWebKit/537.36 (KHTML, like Gecko) Chrome/123.0.6312.86 Safari/537.36"
45.156.129.175 - - [24/Sep/2026:01:45:32 +0300] "GET /favicon-32x32.png HTTP/1.1" 301 0 "-" "Mozilla/5.0 AppleWebKit/537.36 (KHTML, like Gecko) Chrome/123.0.6312.86 Safari/537.36"
45.156.129.174 - - [24/Sep/2026:01:45:33 +0300] "GET /js/NewWindow_2_all.js HTTP/1.1" 301 0 "-" "Mozilla/5.0 AppleWebKit/537.36 (KHTML, like Gecko) Chrome/123.0.6312.86 Safari/537.36"
45.156.129.174 - - [24/Sep/2026:01:45:35 +0300] "GET / HTTP/1.1" 301 0 "-" "Mozilla/5.0 AppleWebKit/537.36 (KHTML, like Gecko) Chrome/123.0.6312.86 Safari/537.36"
45.156.129.175 - - [24/Sep/2026:01:45:38 +0300] "GET /index.jsp HTTP/1.1" 301 0 "-" "Mozilla/5.0 AppleWebKit/537.36 (KHTML, like Gecko) Chrome/123.0.6312.86 Safari/537.36"
45.156.129.175 - - [24/Sep/2026:01:45:39 +0300] "GET /sugar_version.json HTTP/1.1" 301 0 "-" "Mozilla/5.0 AppleWebKit/537.36 (KHTML, like Gecko) Chrome/123.0.6312.86 Safari/537.36"
45.156.129.172 - - [24/Sep/2026:01:45:40 +0300] "GET /favicon.ico HTTP/1.1" 301 0 "-" "Mozilla/5.0 AppleWebKit/537.36 (KHTML, like Gecko) Chrome/123.0.6312.86 Safari/537.36"
45.156.129.172 - - [24/Sep/2026:01:45:42 +0300] "GET /showLogin.cc HTTP/1.1" 301 0 "-" "Mozilla/5.0 AppleWebKit/537.36 (KHTML, like Gecko) Chrome/123.0.6312.86 Safari/537.36"
45.156.129.172 - - [24/Sep/2026:01:45:44 +0300] "GET /WebInterface/ HTTP/1.1" 301 0 "-" "Mozilla/5.0 AppleWebKit/537.36 (KHTML, like Gecko) Chrome/123.0.6312.86 Safari/537.36"
45.156.129.173 - - [24/Sep/2026:01:45:46 +0300] "GET /login.do HTTP/1.1" 301 0 "-" "Mozilla/5.0 AppleWebKit/537.36 (KHTML, like Gecko) Chrome/123.0.6312.86 Safari/537.36"
45.156.129.174 - - [24/Sep/2026:01:45:47 +0300] "GET /static/historypage.js HTTP/1.1" 301 0 "-" "Mozilla/5.0 AppleWebKit/537.36 (KHTML, like Gecko) Chrome/123.0.6312.86 Safari/537.36"
45.156.129.174 - - [24/Sep/2026:01:45:49 +0300] "GET / HTTP/1.1" 301 0 "-" "Mozilla/5.0 AppleWebKit/537.36 (KHTML, like Gecko) Chrome/123.0.6312.86 Safari/537.36"
45.156.129.175 - - [24/Sep/2026:01:45:50 +0300] "GET /aspera/faspex/ HTTP/1.1" 301 0 "-" "Mozilla/5.0 AppleWebKit/537.36 (KHTML, like Gecko) Chrome/123.0.6312.86 Safari/537.36"
45.156.129.175 - - [24/Sep/2026:01:45:50 +0300] "GET /favicon.ico HTTP/1.1" 301 0 "-" "Mozilla/5.0 AppleWebKit/537.36 (KHTML, like Gecko) Chrome/123.0.6312.86 Safari/537.36"
45.156.129.175 - - [24/Sep/2026:01:45:52 +0300] "GET /cf_scripts/scripts/ajax/ckeditor/ckeditor.js HTTP/1.1" 301 0 "-" "Mozilla/5.0 AppleWebKit/537.36 (KHTML, like Gecko) Chrome/123.0.6312.86 Safari/537.36"
45.156.129.173 - - [24/Sep/2026:01:45:52 +0300] "GET /Telerik.Web.UI.WebResource.axd?type=rau HTTP/1.1" 301 0 "-" "Mozilla/5.0 AppleWebKit/537.36 (KHTML, like Gecko) Chrome/123.0.6312.86 Safari/537.36"
45.156.129.174 - - [24/Sep/2026:01:45:54 +0300] "GET /api/session/properties HTTP/1.1" 301 0 "-" "Mozilla/5.0 AppleWebKit/537.36 (KHTML, like Gecko) Chrome/123.0.6312.86 Safari/537.36"
45.156.129.174 - - [24/Sep/2026:01:45:56 +0300] "GET /identity HTTP/1.1" 301 0 "-" "Mozilla/5.0 AppleWebKit/537.36 (KHTML, like Gecko) Chrome/123.0.6312.86 Safari/537.36"
45.156.129.174 - - [24/Sep/2026:01:45:57 +0300] "GET / HTTP/1.1" 301 0 "-" "Mozilla/5.0 AppleWebKit/537.36 (KHTML, like Gecko) Chrome/123.0.6312.86 Safari/537.36"
45.156.129.174 - - [24/Sep/2026:01:46:00 +0300] "GET /zabbix/favicon.ico HTTP/1.1" 301 0 "-" "Mozilla/5.0 AppleWebKit/537.36 (KHTML, like Gecko) Chrome/123.0.6312.86 Safari/537.36"
45.156.129.173 - - [24/Sep/2026:01:46:01 +0300] "GET /console HTTP/1.1" 301 0 "-" "Mozilla/5.0 AppleWebKit/537.36 (KHTML, like Gecko) Chrome/123.0.6312.86 Safari/537.36"
45.156.129.172 - - [24/Sep/2026:01:46:02 +0300] "GET /license.txt HTTP/1.1" 403 177 "-" "Mozilla/5.0 AppleWebKit/537.36 (KHTML, like Gecko) Chrome/123.0.6312.86 Safari/537.36"
45.156.129.174 - - [24/Sep/2026:01:46:03 +0300] "GET /wp-json HTTP/1.1" 301 0 "-" "Mozilla/5.0 AppleWebKit/537.36 (KHTML, like Gecko) Chrome/123.0.6312.86 Safari/537.36"
45.156.129.174 - - [24/Sep/2026:01:46:07 +0300] "GET /cgi-bin/authLogin.cgi HTTP/1.1" 301 0 "-" "Mozilla/5.0 AppleWebKit/537.36 (KHTML, like Gecko) Chrome/123.0.6312.86 Safari/537.36"
45.156.129.172 - - [24/Sep/2026:01:46:10 +0300] "GET /wp-content/plugins/wp-central/readme.txt HTTP/1.1" 403 177 "-" "Mozilla/5.0 AppleWebKit/537.36 (KHTML, like Gecko) Chrome/123.0.6312.86 Safari/537.36"
45.156.129.175 - - [24/Sep/2026:01:46:10 +0300] "GET /wp-content/plugins/wp-time-capsule/readme.txt HTTP/1.1" 403 177 "-" "Mozilla/5.0 AppleWebKit/537.36 (KHTML, like Gecko) Chrome/123.0.6312.86 Safari/537.36"
45.156.129.172 - - [24/Sep/2026:01:46:10 +0300] "GET /wp-content/plugins/wp-fastest-cache/readme.txt HTTP/1.1" 403 177 "-" "Mozilla/5.0 AppleWebKit/537.36 (KHTML, like Gecko) Chrome/123.0.6312.86 Safari/537.36"
45.156.129.174 - - [24/Sep/2026:01:46:11 +0300] "GET /wp-content/plugins/fancy-product-designer/readme.txt HTTP/1.1" 403 177 "-" "Mozilla/5.0 AppleWebKit/537.36 (KHTML, like Gecko) Chrome/123.0.6312.86 Safari/537.36"
45.156.129.174 - - [24/Sep/2026:01:46:11 +0300] "GET /wp-content/plugins/elementor/readme.txt HTTP/1.1" 403 177 "-" "Mozilla/5.0 AppleWebKit/537.36 (KHTML, like Gecko) Chrome/123.0.6312.86 Safari/537.36"
45.156.129.174 - - [24/Sep/2026:01:46:12 +0300] "GET /wp-content/plugins/code-snippets/readme.txt HTTP/1.1" 403 177 "-" "Mozilla/5.0 AppleWebKit/537.36 (KHTML, like Gecko) Chrome/123.0.6312.86 Safari/537.36"
45.156.129.174 - - [24/Sep/2026:01:46:12 +0300] "GET /wp-content/plugins/bbpress/readme.txt HTTP/1.1" 403 177 "-" "Mozilla/5.0 AppleWebKit/537.36 (KHTML, like Gecko) Chrome/123.0.6312.86 Safari/537.36"
45.156.129.172 - - [24/Sep/2026:01:46:13 +0300] "GET /wp-content/plugins/wp-user-avatar/readme.txt HTTP/1.1" 403 177 "-" "Mozilla/5.0 AppleWebKit/537.36 (KHTML, like Gecko) Chrome/123.0.6312.86 Safari/537.36"
45.156.129.173 - - [24/Sep/2026:01:46:14 +0300] "GET /wp-content/plugins/kingcomposer/readme.txt HTTP/1.1" 403 177 "-" "Mozilla/5.0 AppleWebKit/537.36 (KHTML, like Gecko) Chrome/123.0.6312.86 Safari/537.36"
45.156.129.175 - - [24/Sep/2026:01:46:14 +0300] "GET /wp-content/plugins/wpschoolpress/readme.txt HTTP/1.1" 403 177 "-" "Mozilla/5.0 AppleWebKit/537.36 (KHTML, like Gecko) Chrome/123.0.6312.86 Safari/537.36"
45.156.129.173 - - [24/Sep/2026:01:46:14 +0300] "GET /wp-content/plugins/iwp-client/readme.txt HTTP/1.1" 403 177 "-" "Mozilla/5.0 AppleWebKit/537.36 (KHTML, like Gecko) Chrome/123.0.6312.86 Safari/537.36"
45.156.129.174 - - [24/Sep/2026:01:46:15 +0300] "GET /wp-content/plugins/wordpress-database-reset/readme.txt HTTP/1.1" 403 177 "-" "Mozilla/5.0 AppleWebKit/537.36 (KHTML, like Gecko) Chrome/123.0.6312.86 Safari/537.36"
45.156.129.173 - - [24/Sep/2026:01:46:16 +0300] "GET /wp-content/plugins/wp-video-lightbox/readme.txt HTTP/1.1" 403 177 "-" "Mozilla/5.0 AppleWebKit/537.36 (KHTML, like Gecko) Chrome/123.0.6312.86 Safari/537.36"
45.156.129.172 - - [24/Sep/2026:01:46:17 +0300] "GET /wp-content/plugins/optinmonster/readme.txt HTTP/1.1" 403 177 "-" "Mozilla/5.0 AppleWebKit/537.36 (KHTML, like Gecko) Chrome/123.0.6312.86 Safari/537.36"
45.156.129.172 - - [24/Sep/2026:01:46:17 +0300] "GET /wp-content/plugins/groma-canary-not-a-real-plugin/readme.txt HTTP/1.1" 403 177 "-" "Mozilla/5.0 AppleWebKit/537.36 (KHTML, like Gecko) Chrome/123.0.6312.86 Safari/537.36"
45.156.129.175 - - [24/Sep/2026:01:46:18 +0300] "GET /wp-content/plugins/woocommerce/readme.txt HTTP/1.1" 403 177 "-" "Mozilla/5.0 AppleWebKit/537.36 (KHTML, like Gecko) Chrome/123.0.6312.86 Safari/537.36"
45.156.129.173 - - [24/Sep/2026:01:46:18 +0300] "GET /wp-content/plugins/all-in-one-wp-migration/readme.txt HTTP/1.1" 403 177 "-" "Mozilla/5.0 AppleWebKit/537.36 (KHTML, like Gecko) Chrome/123.0.6312.86 Safari/537.36"
45.156.129.173 - - [24/Sep/2026:01:46:18 +0300] "GET /wp-content/plugins/litespeed-cache/readme.txt HTTP/1.1" 403 177 "-" "Mozilla/5.0 AppleWebKit/537.36 (KHTML, like Gecko) Chrome/123.0.6312.86 Safari/537.36"
45.156.129.172 - - [24/Sep/2026:01:46:18 +0300] "GET /wp-content/plugins/jetpack/readme.txt HTTP/1.1" 403 177 "-" "Mozilla/5.0 AppleWebKit/537.36 (KHTML, like Gecko) Chrome/123.0.6312.86 Safari/537.36"
45.156.129.173 - - [24/Sep/2026:01:46:18 +0300] "GET /wp-content/plugins/wordpress-seo/readme.txt HTTP/1.1" 403 177 "-" "Mozilla/5.0 AppleWebKit/537.36 (KHTML, like Gecko) Chrome/123.0.6312.86 Safari/537.36"
45.156.129.173 - - [24/Sep/2026:01:46:18 +0300] "GET /wp-content/plugins/really-simple-ssl/readme.txt HTTP/1.1" 403 177 "-" "Mozilla/5.0 AppleWebKit/537.36 (KHTML, like Gecko) Chrome/123.0.6312.86 Safari/537.36"
45.156.129.175 - - [24/Sep/2026:01:46:18 +0300] "GET /wp-content/plugins/wordfence/readme.txt HTTP/1.1" 403 177 "-" "Mozilla/5.0 AppleWebKit/537.36 (KHTML, like Gecko) Chrome/123.0.6312.86 Safari/537.36"
45.156.129.174 - - [24/Sep/2026:01:46:18 +0300] "GET /wp-content/plugins/redirection/readme.txt HTTP/1.1" 403 177 "-" "Mozilla/5.0 AppleWebKit/537.36 (KHTML, like Gecko) Chrome/123.0.6312.86 Safari/537.36"
45.156.129.173 - - [24/Sep/2026:01:46:18 +0300] "GET /wp-content/plugins/wpforms-lite/readme.txt HTTP/1.1" 403 177 "-" "Mozilla/5.0 AppleWebKit/537.36 (KHTML, like Gecko) Chrome/123.0.6312.86 Safari/537.36"
45.156.129.174 - - [24/Sep/2026:01:46:18 +0300] "GET /wp-content/plugins/updraftplus/readme.txt HTTP/1.1" 403 177 "-" "Mozilla/5.0 AppleWebKit/537.36 (KHTML, like Gecko) Chrome/123.0.6312.86 Safari/537.36"
45.156.129.173 - - [24/Sep/2026:01:46:18 +0300] "GET /wp-content/plugins/duplicate-page/readme.txt HTTP/1.1" 403 177 "-" "Mozilla/5.0 AppleWebKit/537.36 (KHTML, like Gecko) Chrome/123.0.6312.86 Safari/537.36"
45.156.129.172 - - [24/Sep/2026:01:46:18 +0300] "GET /wp-content/plugins/google-site-kit/readme.txt HTTP/1.1" 403 177 "-" "Mozilla/5.0 AppleWebKit/537.36 (KHTML, like Gecko) Chrome/123.0.6312.86 Safari/537.36"
45.156.129.173 - - [24/Sep/2026:01:46:18 +0300] "GET /wp-content/plugins/google-analytics-for-wordpress/readme.txt HTTP/1.1" 403 177 "-" "Mozilla/5.0 AppleWebKit/537.36 (KHTML, like Gecko) Chrome/123.0.6312.86 Safari/537.36"
45.156.129.172 - - [24/Sep/2026:01:46:18 +0300] "GET /wp-content/plugins/disable-comments/readme.txt HTTP/1.1" 403 177 "-" "Mozilla/5.0 AppleWebKit/537.36 (KHTML, like Gecko) Chrome/123.0.6312.86 Safari/537.36"
45.156.129.175 - - [24/Sep/2026:01:46:18 +0300] "GET /wp-content/plugins/hostinger/readme.txt HTTP/1.1" 403 177 "-" "Mozilla/5.0 AppleWebKit/537.36 (KHTML, like Gecko) Chrome/123.0.6312.86 Safari/537.36"
45.156.129.172 - - [24/Sep/2026:01:46:18 +0300] "GET /wp-content/plugins/limit-login-attempts-reloaded/readme.txt HTTP/1.1" 403 177 "-" "Mozilla/5.0 AppleWebKit/537.36 (KHTML, like Gecko) Chrome/123.0.6312.86 Safari/537.36"
45.156.129.173 - - [24/Sep/2026:01:46:18 +0300] "GET /wp-content/plugins/header-footer-elementor/readme.txt HTTP/1.1" 403 177 "-" "Mozilla/5.0 AppleWebKit/537.36 (KHTML, like Gecko) Chrome/123.0.6312.86 Safari/537.36"
45.156.129.173 - - [24/Sep/2026:01:46:18 +0300] "GET /wp-content/plugins/seo-by-rank-math/readme.txt HTTP/1.1" 403 177 "-" "Mozilla/5.0 AppleWebKit/537.36 (KHTML, like Gecko) Chrome/123.0.6312.86 Safari/537.36"
45.156.129.172 - - [24/Sep/2026:01:46:18 +0300] "GET /wp-content/plugins/advanced-custom-fields/readme.txt HTTP/1.1" 403 177 "-" "Mozilla/5.0 AppleWebKit/537.36 (KHTML, like Gecko) Chrome/123.0.6312.86 Safari/537.36"
45.156.129.172 - - [24/Sep/2026:01:46:18 +0300] "GET /wp-content/plugins/duplicator/readme.txt HTTP/1.1" 403 177 "-" "Mozilla/5.0 AppleWebKit/537.36 (KHTML, like Gecko) Chrome/123.0.6312.86 Safari/537.36"
45.156.129.173 - - [24/Sep/2026:01:46:18 +0300] "GET /wp-content/plugins/astra-sites/readme.txt HTTP/1.1" 403 177 "-" "Mozilla/5.0 AppleWebKit/537.36 (KHTML, like Gecko) Chrome/123.0.6312.86 Safari/537.36"
45.156.129.172 - - [24/Sep/2026:01:46:18 +0300] "GET /wp-content/plugins/wp-super-cache/readme.txt HTTP/1.1" 403 177 "-" "Mozilla/5.0 AppleWebKit/537.36 (KHTML, like Gecko) Chrome/123.0.6312.86 Safari/537.36"
45.156.129.175 - - [24/Sep/2026:01:46:18 +0300] "GET /wp-content/plugins/essential-addons-for-elementor-lite/readme.txt HTTP/1.1" 403 177 "-" "Mozilla/5.0 AppleWebKit/537.36 (KHTML, like Gecko) Chrome/123.0.6312.86 Safari/537.36"
45.156.129.173 - - [24/Sep/2026:01:46:18 +0300] "GET /wp-content/plugins/wps-hide-login/readme.txt HTTP/1.1" 403 177 "-" "Mozilla/5.0 AppleWebKit/537.36 (KHTML, like Gecko) Chrome/123.0.6312.86 Safari/537.36"
45.156.129.172 - - [24/Sep/2026:01:46:18 +0300] "GET /wp-content/plugins/wp-fastest-cache/readme.txt HTTP/1.1" 403 177 "-" "Mozilla/5.0 AppleWebKit/537.36 (KHTML, like Gecko) Chrome/123.0.6312.86 Safari/537.36"
45.156.129.174 - - [24/Sep/2026:01:46:18 +0300] "GET /wp-content/plugins/better-search-replace/readme.txt HTTP/1.1" 403 177 "-" "Mozilla/5.0 AppleWebKit/537.36 (KHTML, like Gecko) Chrome/123.0.6312.86 Safari/537.36"
45.156.129.175 - - [24/Sep/2026:01:46:18 +0300] "GET /wp-content/plugins/wp-optimize/readme.txt HTTP/1.1" 403 177 "-" "Mozilla/5.0 AppleWebKit/537.36 (KHTML, like Gecko) Chrome/123.0.6312.86 Safari/537.36"
45.156.129.174 - - [24/Sep/2026:01:46:18 +0300] "GET /wp-content/plugins/envato-elements/readme.txt HTTP/1.1" 403 177 "-" "Mozilla/5.0 AppleWebKit/537.36 (KHTML, like Gecko) Chrome/123.0.6312.86 Safari/537.36"
45.156.129.172 - - [24/Sep/2026:01:46:18 +0300] "GET /wp-content/plugins/sg-security/readme.txt HTTP/1.1" 403 177 "-" "Mozilla/5.0 AppleWebKit/537.36 (KHTML, like Gecko) Chrome/123.0.6312.86 Safari/537.36"
45.156.129.172 - - [24/Sep/2026:01:46:18 +0300] "GET /wp-content/plugins/w3-total-cache/readme.txt HTTP/1.1" 403 177 "-" "Mozilla/5.0 AppleWebKit/537.36 (KHTML, like Gecko) Chrome/123.0.6312.86 Safari/537.36"
45.156.129.173 - - [24/Sep/2026:01:46:18 +0300] "GET /wp-content/plugins/ewww-image-optimizer/readme.txt HTTP/1.1" 403 177 "-" "Mozilla/5.0 AppleWebKit/537.36 (KHTML, like Gecko) Chrome/123.0.6312.86 Safari/537.36"
45.156.129.173 - - [24/Sep/2026:01:46:18 +0300] "GET /wp-content/plugins/all-in-one-wp-security-and-firewall/readme.txt HTTP/1.1" 403 177 "-" "Mozilla/5.0 AppleWebKit/537.36 (KHTML, like Gecko) Chrome/123.0.6312.86 Safari/537.36"
45.156.129.173 - - [24/Sep/2026:01:46:18 +0300] "GET /wp-content/plugins/autoptimize/readme.txt HTTP/1.1" 403 177 "-" "Mozilla/5.0 AppleWebKit/537.36 (KHTML, like Gecko) Chrome/123.0.6312.86 Safari/537.36"
45.156.129.174 - - [24/Sep/2026:01:46:18 +0300] "GET /wp-content/plugins/code-snippets/readme.txt HTTP/1.1" 403 177 "-" "Mozilla/5.0 AppleWebKit/537.36 (KHTML, like Gecko) Chrome/123.0.6312.86 Safari/537.36"
45.156.129.172 - - [24/Sep/2026:01:46:18 +0300] "GET /wp-content/plugins/smart-slider-3/readme.txt HTTP/1.1" 403 177 "-" "Mozilla/5.0 AppleWebKit/537.36 (KHTML, like Gecko) Chrome/123.0.6312.86 Safari/537.36"
45.156.129.173 - - [24/Sep/2026:01:46:18 +0300] "GET /wp-content/plugins/coming-soon/readme.txt HTTP/1.1" 403 177 "-" "Mozilla/5.0 AppleWebKit/537.36 (KHTML, like Gecko) Chrome/123.0.6312.86 Safari/537.36"
45.156.129.173 - - [24/Sep/2026:01:46:18 +0300] "GET /wp-content/plugins/better-wp-security/readme.txt HTTP/1.1" 403 177 "-" "Mozilla/5.0 AppleWebKit/537.36 (KHTML, like Gecko) Chrome/123.0.6312.86 Safari/537.36"
45.156.129.172 - - [24/Sep/2026:01:46:18 +0300] "GET /wp-content/plugins/redux-framework/readme.txt HTTP/1.1" 403 177 "-" "Mozilla/5.0 AppleWebKit/537.36 (KHTML, like Gecko) Chrome/123.0.6312.86 Safari/537.36"
45.156.129.175 - - [24/Sep/2026:01:46:18 +0300] "GET /wp-content/plugins/duplicate-post/readme.txt HTTP/1.1" 403 177 "-" "Mozilla/5.0 AppleWebKit/537.36 (KHTML, like Gecko) Chrome/123.0.6312.86 Safari/537.36"
45.156.129.175 - - [24/Sep/2026:01:46:18 +0300] "GET /wp-content/plugins/wp-file-manager/readme.txt HTTP/1.1" 403 177 "-" "Mozilla/5.0 AppleWebKit/537.36 (KHTML, like Gecko) Chrome/123.0.6312.86 Safari/537.36"
45.156.129.174 - - [24/Sep/2026:01:46:18 +0300] "GET /wp-content/plugins/insert-headers-and-footers/readme.txt HTTP/1.1" 403 177 "-" "Mozilla/5.0 AppleWebKit/537.36 (KHTML, like Gecko) Chrome/123.0.6312.86 Safari/537.36"
45.156.129.174 - - [24/Sep/2026:01:46:18 +0300] "GET /wp-content/plugins/all-in-one-seo-pack/readme.txt HTTP/1.1" 403 177 "-" "Mozilla/5.0 AppleWebKit/537.36 (KHTML, like Gecko) Chrome/123.0.6312.86 Safari/537.36"
45.156.129.175 - - [24/Sep/2026:01:46:18 +0300] "GET /wp-content/plugins/loginizer/readme.txt HTTP/1.1" 403 177 "-" "Mozilla/5.0 AppleWebKit/537.36 (KHTML, like Gecko) Chrome/123.0.6312.86 Safari/537.36"
45.156.129.175 - - [24/Sep/2026:01:46:18 +0300] "GET /wp-content/plugins/elementor/readme.txt HTTP/1.1" 403 177 "-" "Mozilla/5.0 AppleWebKit/537.36 (KHTML, like Gecko) Chrome/123.0.6312.86 Safari/537.36"
45.156.129.174 - - [24/Sep/2026:01:46:18 +0300] "GET /wp-content/plugins/mailchimp-for-wp/readme.txt HTTP/1.1" 403 177 "-" "Mozilla/5.0 AppleWebKit/537.36 (KHTML, like Gecko) Chrome/123.0.6312.86 Safari/537.36"
45.156.129.174 - - [24/Sep/2026:01:46:18 +0300] "GET /wp-content/plugins/complianz-gdpr/readme.txt HTTP/1.1" 403 177 "-" "Mozilla/5.0 AppleWebKit/537.36 (KHTML, like Gecko) Chrome/123.0.6312.86 Safari/537.36"
45.156.129.174 - - [24/Sep/2026:01:46:18 +0300] "GET /wp-content/plugins/ultimate-addons-for-gutenberg/readme.txt HTTP/1.1" 403 177 "-" "Mozilla/5.0 AppleWebKit/537.36 (KHTML, like Gecko) Chrome/123.0.6312.86 Safari/537.36"
45.156.129.174 - - [24/Sep/2026:01:46:18 +0300] "GET /wp-content/plugins/akismet/readme.txt HTTP/1.1" 403 177 "-" "Mozilla/5.0 AppleWebKit/537.36 (KHTML, like Gecko) Chrome/123.0.6312.86 Safari/537.36"
109.103.57.40 - - [24/Sep/2026:01:52:09 +0300] "GET / HTTP/1.1" 301 0 "-" "r-Omenia/1.0 (+https://www.r-omenia.ro/; https://www.orientarepanoramica.ro/)"
216.244.66.249 - - [24/Sep/2026:02:08:15 +0300] "GET /product-category/oferte-si-reduceri/?add-to-cart=19855 HTTP/1.1" 301 0 "-" "Mozilla/5.0 (compatible; DotBot/1.2; +https://opensiteexplorer.org/dotbot; help@moz.com)"
195.178.110.131 - - [24/Sep/2026:02:30:25 +0300] "HEAD / HTTP/1.1" 301 0 "-" "Mozilla/5.0 (Windows NT 10.0; Win64; x64) AppleWebKit/537.36"
124.156.157.91 - - [24/Sep/2026:02:36:02 +0300] "GET / HTTP/1.1" 301 0 "-" "Mozilla/5.0 (iPhone; CPU iPhone OS 13_2_3 like Mac OS X) AppleWebKit/605.1.15 (KHTML, like Gecko) Version/13.0.3 Mobile/15E148 Safari/604.1"
64.188.91.94 - - [24/Sep/2026:02:46:24 +0300] "GET / HTTP/1.1" 301 0 "-" "Mozilla/5.0 (Windows NT 10.0; Win64; x64) AppleWebKit/537.36 (KHTML, like Gecko) Chrome/112.0.0.0 Safari/537.36"
34.61.15.103 - - [24/Sep/2026:03:23:26 +0300] "GET /new/formular-programare HTTP/1.1" 301 0 "-" "Mozilla/5.0 AppleWebKit/537.36 (KHTML, like Gecko; compatible; KeenableBot/1.0; +https://keenable.ai/)"
216.244.66.249 - - [24/Sep/2026:03:33:20 +0300] "GET /product-category/oferte-si-reduceri/?add-to-cart=19519 HTTP/1.1" 301 0 "-" "Mozilla/5.0 (compatible; DotBot/1.2; +https://opensiteexplorer.org/dotbot; help@moz.com)"
